is the hundreds digit of 2028?
0
What is the thousands digit of 4705?
4
What is the units digit of 15018?
8
What is the tens digit of 16999?
9
What is the tens digit of 3299?
9
What is the thousands digit of 8952?
8
What is the tens digit of 3630?
3
What is the tens digit of 14669?
6
What is the thousands digit of 60077?
0
What is the units digit of 7546?
6
What is the hundreds digit of 2084?
0
What is the hundreds digit of 8201?
2
What is the tens digit of 1793?
9
What is the hundreds digit of 378?
3
What is the tens digit of 49017?
1
What is the hundreds digit of 7016?
0
What is the tens digit of 342?
4
What is the tens digit of 5395?
9
What is the thousands digit of 19207?
9
What is the tens digit of 839?
3
What is the units digit of 453?
3
What is the tens digit of 2414?
1
What is the thousands digit of 2298?
2
What is the hundreds digit of 11207?
2
What is the hundreds digit of 4010?
0
What is the hundreds digit of 8087?
0
What is the ten thousands digit of 22453?
2
What is the thousands digit of 69806?
9
What is the thousands digit of 16567?
6
What is the ten thousands digit of 12601?
1
What is the thousands digit of 2862?
2
What is the tens digit of 370?
7
What is the tens digit of 3739?
3
What is the tens digit of 761?
6
What is the hundred thousands digit of 159296?
1
What is the hundreds digit of 2431?
4
What is the units digit of 6188?
8
What is the units digit of 26533?
3
What is the thousands digit of 7014?
7
What is the thousands digit of 4336?
4
What is the hundreds digit of 3913?
9
What is the ten thousands digit of 43771?
4
What is the tens digit of 1016?
1
What is the tens digit of 8196?
9
What is the units digit of 546?
6
What is the hundreds digit of 852?
8
What is the tens digit of 8410?
1
What is the units digit of 28080?
0
What is the thousands digit of 81261?
1
What is the hundreds digit of 997?
9
What is the hundreds digit of 17082?
0
What is the hundreds digit of 368?
3
What is the tens digit of 7311?
1
What is the units digit of 16640?
0
What is the hundreds digit of 1392?
3
What is the units digit of 1342?
2
What is the tens digit of 2357?
5
What is the tens digit of 5257?
5
What is the tens digit of 1667?
6
What is the tens digit of 394?
9
What is the hundreds digit of 36963?
9
What is the tens digit of 60503?
0
What is the ten thousands digit of 48852?
4
What is the tens digit of 58?
5
What is the hundreds digit of 1443?
4
What is the units digit of 992?
2
What is the tens digit of 4284?
8
What is the hundreds digit of 8227?
2
What is the thousands digit of 70412?
0
What is the thousands digit of 2573?
2
What is the hundreds digit of 33065?
0
What is the hundreds digit of 498?
4
What is the tens digit of 187186?
8
What is the units digit of 179268?
8
What is the units digit of 39015?
5
What is the units digit of 2709?
9
What is the hundreds digit of 32122?
1
What is the tens digit of 42338?
3
What is the units digit of 241?
1
What is the ten thousands digit of 15914?
1
What is the hundreds digit of 11724?
7
What is the tens digit of 6040?
4
What is the thousands digit of 37921?
7
What is the hundreds digit of 620?
6
What is the hundreds digit of 745?
7
What is the thousands digit of 21358?
1
What is the units digit of 25628?
8
What is the tens digit of 21063?
6
What is the tens digit of 3290?
9
What is the tens digit of 84?
8
What is the tens digit of 6059?
5
What is the tens digit of 468?
6
What is the tens digit of 89204?
0
What is the hundreds digit of 5955?
9
What is the hundreds digit of 62546?
5
What is the units digit of 18173?
3
What is the hundreds digit of 46265?
2
What is the tens digit of 26838?
3
What is the ten thousands digit of 12806?
1
What is the thousands digit of 2766?
2
What is the hundreds digit of 57524?
5
What is the hundreds digit of 5648?
6
What is the hundreds digit of 2018?
0
What is the ten thousands digit of 100411?
0
What is the tens digit of 4990?
9
What is the units digit of 11842?
2
What is the tens digit of 808?
0
What is the units digit of 4314?
4
What is the thousands digit of 2054?
2
What is the hundreds digit of 554?
5
What is the hundreds digit of 38438?
4
What is the tens digit of 719?
1
What is the units digit of 6380?
0
What is the units digit of 109126?
6
What is the thousands digit of 166431?
6
What is the hundreds digit of 3700?
7
What is the units digit of 5335?
5
What is the tens digit of 34223?
2
What is the ten thousands digit of 11932?
1
What is the tens digit of 178?
7
What is the hundreds digit of 89893?
8
What is the tens digit of 2139?
3
What is the hundreds digit of 837?
8
What is the hundreds digit of 3313?
3
What is the units digit of 297?
7
What is the units digit of 35642?
2
What is the hundreds digit of 45867?
8
What is the hundreds digit of 2542?
5
What is the tens digit of 1649?
4
What is the ten thousands digit of 37391?
3
What is the units digit of 1304?
4
What is the tens digit of 46609?
0
What is the tens digit of 276?
7
What is the tens digit of 945?
4
What is the ten thousands digit of 62124?
6
What is the tens digit of 5674?
7
What is the hundreds digit of 9218?
2
What is the units digit of 493?
3
What is the tens digit of 14610?
1
What is the hundreds digit of 893?
8
What is the thousands digit of 27037?
7
What is the hundreds digit of 3536?
5
What is the thousands digit of 54427?
4
What is the thousands digit of 22905?
2
What is the units digit of 1076?
6
What is the hundreds digit of 483?
4
What is the hundreds digit of 1430?
4
What is the thousands digit of 1834?
1
What is the ten thousands digit of 89987?
8
What is the hundreds digit of 1758?
7
What is the ten thousands digit of 51668?
5
What is the thousands digit of 6504?
6
What is the units digit of 19433?
3
What is the tens digit of 131322?
2
What is the tens digit of 180?
8
What is the thousands digit of 2097?
2
What is the thousands digit of 2850?
2
What is the thousands digit of 75724?
5
What is the hundreds digit of 12692?
6
What is the ten thousands digit of 10449?
1
What is the hundreds digit of 6885?
8
What is the ten thousands digit of 23385?
2
What is the units digit of 2453?
3
What is the hundreds digit of 52423?
4
What is the hundreds digit of 1057?
0
What is the thousands digit of 70475?
0
What is the hundreds digit of 5368?
3
What is the tens digit of 3423?
2
What is the ten thousands digit of 18568?
1
What is the ten thousands digit of 41560?
4
What is the units digit of 69956?
6
What is the units digit of 5110?
0
What is the units digit of 1372?
2
What is the thousands digit of 2000?
2
What is the units digit of 11305?
5
What is the tens digit of 3975?
7
What is the thousands digit of 48797?
8
What is the hundreds digit of 4175?
1
What is the hundreds digit of 36166?
1
What is the tens digit of 18176?
7
What is the units digit of 72?
2
What is the units digit of 36308?
8
What is the ten thousands digit of 21290?
2
What is the thousands digit of 2210?
2
What is the units digit of 19390?
0
What is the thousands digit of 3407?
3
What is the tens digit of 5951?
5
What is the units digit of 5008?
8
What is the tens digit of 6653?
5
What is the tens digit of 432?
3
What is the units digit of 282?
2
What is the units digit of 59475?
5
What is the tens digit of 7042?
4
What is the tens digit of 520?
2
What is the thousands digit of 1491?
1
What is the tens digit of 444?
4
What is the hundreds digit of 12071?
0
What is the tens digit of 449?
4
What is the hundreds digit of 6434?
4
What is the thousands digit of 9261?
9
What is the ten thousands digit of 134445?
3
What is the hundred thousands digit of 132531?
1
What is the hundreds digit of 9906?
9
What is the units digit of 7?
7
What is the tens digit of 1284?
8
What is the units digit of 12809?
9
What is the ten thousands digit of 28154?
2
What is the tens digit of 1064?
6
What is the hundreds digit of 5148?
1
What is the units digit of 252?
2
What is the tens digit of 320?
2
What is the units digit of 449?
9
What is the units digit of 1366?
6
What is the hundreds digit of 85292?
2
What is the hundreds digit of 2322?
3
What is the tens digit of 2410?
1
What is the units digit of 6748?
8
What is the hundreds digit of 3066?
0
What is the tens digit of 13392?
9
What is the thousands digit of 60657?
0
What is the thousands digi